{"id":338,"date":"2021-10-19T15:23:16","date_gmt":"2021-10-19T15:23:16","guid":{"rendered":"https:\/?page_id=338"},"modified":"2025-10-15T08:57:25","modified_gmt":"2025-10-15T08:57:25","slug":"incontriamoci","status":"publish","type":"page","link":"https:\/\/esteticadolce.it\/?page_id=338","title":{"rendered":"Biodinamica"},"content":{"rendered":"\n<h4 class=\"wp-block-heading\">Estetica Dolce incontra la Biodinamica <\/h4>\n\n\n\n<figure class=\"wp-block-pullquote\"><blockquote><p>Lasciamoci sorprendere dai fiori che nascono dentro di noi<\/p><\/blockquote><\/figure>\n\n\n\n<figure class=\"wp-block-gallery has-nested-images columns-default is-cropped wp-block-gallery-1 is-layout-flex wp-block-gallery-is-layout-flex\">\n<figure class=\"wp-block-image size-large\"><img loading=\"lazy\" decoding=\"async\" width=\"749\" height=\"499\" data-id=\"1278\" src=\"https:\/\/esteticadolce.it\/wp-content\/uploads\/2025\/10\/fiore-di-loto.jpg\" alt=\"\" class=\"wp-image-1278\" srcset=\"https:\/\/esteticadolce.it\/wp-content\/uploads\/2025\/10\/fiore-di-loto.jpg 749w, https:\/\/esteticadolce.it\/wp-content\/uploads\/2025\/10\/fiore-di-loto-300x200.jpg 300w, https:\/\/esteticadolce.it\/wp-content\/uploads\/2025\/10\/fiore-di-loto-370x247.jpg 370w\" sizes=\"auto, (max-width: 749px) 100vw, 749px\" \/><\/figure>\n\n\n\n<figure class=\"wp-block-image size-large\"><img loading=\"lazy\" decoding=\"async\" width=\"829\" height=\"1024\" data-id=\"1279\" src=\"https:\/\/esteticadolce.it\/wp-content\/uploads\/2025\/10\/girasole-829x1024.jpg\" alt=\"\" class=\"wp-image-1279\" srcset=\"https:\/\/esteticadolce.it\/wp-content\/uploads\/2025\/10\/girasole-829x1024.jpg 829w, https:\/\/esteticadolce.it\/wp-content\/uploads\/2025\/10\/girasole-243x300.jpg 243w, https:\/\/esteticadolce.it\/wp-content\/uploads\/2025\/10\/girasole-768x948.jpg 768w, https:\/\/esteticadolce.it\/wp-content\/uploads\/2025\/10\/girasole-800x988.jpg 800w, https:\/\/esteticadolce.it\/wp-content\/uploads\/2025\/10\/girasole.jpg 915w\" sizes=\"auto, (max-width: 829px) 100vw, 829px\" \/><\/figure>\n\n\n\n<figure class=\"wp-block-image size-large\"><img loading=\"lazy\" decoding=\"async\" width=\"1024\" height=\"683\" data-id=\"1280\" src=\"https:\/\/esteticadolce.it\/wp-content\/uploads\/2025\/10\/alberi-1024x683.jpg\" alt=\"\" class=\"wp-image-1280\" srcset=\"https:\/\/esteticadolce.it\/wp-content\/uploads\/2025\/10\/alberi-1024x683.jpg 1024w, https:\/\/esteticadolce.it\/wp-content\/uploads\/2025\/10\/alberi-300x200.jpg 300w, https:\/\/esteticadolce.it\/wp-content\/uploads\/2025\/10\/alberi-768x512.jpg 768w, https:\/\/esteticadolce.it\/wp-content\/uploads\/2025\/10\/alberi-370x247.jpg 370w, https:\/\/esteticadolce.it\/wp-content\/uploads\/2025\/10\/alberi-776x517.jpg 776w, https:\/\/esteticadolce.it\/wp-content\/uploads\/2025\/10\/alberi-800x533.jpg 800w, https:\/\/esteticadolce.it\/wp-content\/uploads\/2025\/10\/alberi.jpg 1200w\" sizes=\"auto, (max-width: 1024px) 100vw, 1024px\" \/><\/figure>\n<\/figure>\n\n\n\n<p class=\"has-text-align-center\">BIO = VITA \/ DINAMICA = MOVIMENTO<\/p>\n\n\n\n<blockquote class=\"wp-block-quote has-text-align-center is-layout-flow wp-block-quote-is-layout-flow\">\n<p>Il termine Biodinamica fa riferimento ai processi naturali che caratterizzano tutti gli organismi viventi e gli ecosistemi basati sull&#8217;autoregolazione ed adattamento alle condizioni esterne<\/p>\n<\/blockquote>\n\n\n<div class=\"wp-block-image\">\n<figure class=\"aligncenter size-full is-resized\"><img loading=\"lazy\" decoding=\"async\" width=\"560\" height=\"400\" src=\"https:\/\/esteticadolce.it\/wp-content\/uploads\/2025\/10\/oceano.jpg\" alt=\"\" class=\"wp-image-1277\" style=\"width:356px;height:auto\" srcset=\"https:\/\/esteticadolce.it\/wp-content\/uploads\/2025\/10\/oceano.jpg 560w, https:\/\/esteticadolce.it\/wp-content\/uploads\/2025\/10\/oceano-300x214.jpg 300w\" sizes=\"auto, (max-width: 560px) 100vw, 560px\" \/><\/figure><\/div>\n\n\n<blockquote class=\"wp-block-quote is-layout-flow wp-block-quote-is-layout-flow\">\n<p>La Biodinamica Craniosacrale ha radici nella osteopatia e poi si \u00e8 evoluta per includere tutte le ultime scoperte dell&#8217;embriologia, delle neuroscienze, della psicologia prenatale e perinatale e nelle nuovissime teorie sulla risoluzioni dei traumi.<\/p>\n<\/blockquote>\n\n\n<div class=\"wp-block-image\">\n<figure class=\"aligncenter size-large is-resized\"><img loading=\"lazy\" decoding=\"async\" width=\"1002\" height=\"1024\" src=\"http:\/\/esteticadolce.it\/wp-content\/uploads\/2025\/10\/la-danza-della-vita-1002x1024.jpg\" alt=\"\" class=\"wp-image-1276\" style=\"width:420px;height:auto\" srcset=\"https:\/\/esteticadolce.it\/wp-content\/uploads\/2025\/10\/la-danza-della-vita-1002x1024.jpg 1002w, https:\/\/esteticadolce.it\/wp-content\/uploads\/2025\/10\/la-danza-della-vita-294x300.jpg 294w, https:\/\/esteticadolce.it\/wp-content\/uploads\/2025\/10\/la-danza-della-vita-768x785.jpg 768w, https:\/\/esteticadolce.it\/wp-content\/uploads\/2025\/10\/la-danza-della-vita-1503x1536.jpg 1503w, https:\/\/esteticadolce.it\/wp-content\/uploads\/2025\/10\/la-danza-della-vita-1320x1349.jpg 1320w, https:\/\/esteticadolce.it\/wp-content\/uploads\/2025\/10\/la-danza-della-vita-800x817.jpg 800w, https:\/\/esteticadolce.it\/wp-content\/uploads\/2025\/10\/la-danza-della-vita.jpg 1566w\" sizes=\"auto, (max-width: 1002px) 100vw, 1002px\" \/><\/figure><\/div>\n\n\n<blockquote class=\"wp-block-quote is-layout-flow wp-block-quote-is-layout-flow\">\n<p>La Biodinamica Craniosacrale lavora sull\u2019individuo nella sua globalit\u00e0, promuovendo l\u2019autoregolazione del sistema nervoso autonomo<\/p>\n<\/blockquote>\n\n\n\n<blockquote class=\"wp-block-quote is-layout-flow wp-block-quote-is-layout-flow\">\n<p>Oggi la Biodinamica Craniosacrale abbinata alla Mindfulness \u00e8 tra le discipline bio-naturali pi\u00f9 all&#8217;avanguardia e pi\u00f9 in via di sviluppo<\/p>\n<\/blockquote>\n\n\n\n<p><strong>Per approfondire visita il sito <a href=\"http:\/\/www.essere-umano.it\" target=\"_blank\" rel=\"noopener\" title=\"\">www.essere-umano.it<\/a><\/strong><\/p>\n\n\n\n<p class=\"has-text-align-center has-small-font-size\"><strong>Qui sotto puoi scaricare il volantino informativo sui trattamenti di Biodinamica Craniosacrale<\/strong><\/p>\n\n\n<div class=\"wp-block-image\">\n<figure class=\"aligncenter size-large is-resized\"><a href=\"https:\/?attachment_id=1190\"><img loading=\"lazy\" decoding=\"async\" width=\"1024\" height=\"724\" src=\"https:\/\/esteticadolce.it\/wp-content\/uploads\/2025\/02\/brochure-biodimanica-1024x724.jpg\" alt=\"\" class=\"wp-image-1190\" style=\"width:381px;height:auto\" srcset=\"https:\/\/esteticadolce.it\/wp-content\/uploads\/2025\/02\/brochure-biodimanica-1024x724.jpg 1024w, https:\/\/esteticadolce.it\/wp-content\/uploads\/2025\/02\/brochure-biodimanica-300x212.jpg 300w, https:\/\/esteticadolce.it\/wp-content\/uploads\/2025\/02\/brochure-biodimanica-768x543.jpg 768w, https:\/\/esteticadolce.it\/wp-content\/uploads\/2025\/02\/brochure-biodimanica-1536x1086.jpg 1536w, https:\/\/esteticadolce.it\/wp-content\/uploads\/2025\/02\/brochure-biodimanica-85x60.jpg 85w, https:\/\/esteticadolce.it\/wp-content\/uploads\/2025\/02\/brochure-biodimanica-1320x933.jpg 1320w, https:\/\/esteticadolce.it\/wp-content\/uploads\/2025\/02\/brochure-biodimanica-800x566.jpg 800w, https:\/\/esteticadolce.it\/wp-content\/uploads\/2025\/02\/brochure-biodimanica.jpg 1600w\" sizes=\"auto, (max-width: 1024px) 100vw, 1024px\" \/><\/a><\/figure><\/div>\n\n<div class=\"wp-block-image\">\n<figure class=\"aligncenter size-large is-resized\"><a href=\"https:\/?attachment_id=1191\"><img loading=\"lazy\" decoding=\"async\" width=\"1024\" height=\"724\" src=\"https:\/\/esteticadolce.it\/wp-content\/uploads\/2025\/02\/brochure-biodinamica-1-1024x724.jpg\" alt=\"\" class=\"wp-image-1191\" style=\"width:379px;height:auto\" srcset=\"https:\/\/esteticadolce.it\/wp-content\/uploads\/2025\/02\/brochure-biodinamica-1-1024x724.jpg 1024w, https:\/\/esteticadolce.it\/wp-content\/uploads\/2025\/02\/brochure-biodinamica-1-300x212.jpg 300w, https:\/\/esteticadolce.it\/wp-content\/uploads\/2025\/02\/brochure-biodinamica-1-768x543.jpg 768w, https:\/\/esteticadolce.it\/wp-content\/uploads\/2025\/02\/brochure-biodinamica-1-1536x1086.jpg 1536w, https:\/\/esteticadolce.it\/wp-content\/uploads\/2025\/02\/brochure-biodinamica-1-85x60.jpg 85w, https:\/\/esteticadolce.it\/wp-content\/uploads\/2025\/02\/brochure-biodinamica-1-1320x933.jpg 1320w, https:\/\/esteticadolce.it\/wp-content\/uploads\/2025\/02\/brochure-biodinamica-1-800x566.jpg 800w, https:\/\/esteticadolce.it\/wp-content\/uploads\/2025\/02\/brochure-biodinamica-1.jpg 1600w\" sizes=\"auto, (max-width: 1024px) 100vw, 1024px\" \/><\/a><\/figure><\/div>\n\n\n<p class=\"has-text-align-center\"><em><strong>Per informazioni puoi parlare con Andrea chiamando il 345-5944521<\/strong><\/em><\/p>\n\n\n\n<p><\/p>\n\n\n\n<p>IBISCO ESTETICA DOLCE ha incluso la Biodinamica tra le metodologie di base da utilizzare in campo estetico sul corpo. <\/p>\n","protected":false},"excerpt":{"rendered":"<p>Estetica Dolce incontra la Biodinamica Lasciamoci sorprendere dai fiori che nascono dentro di noi BIO = VITA \/ DINAMICA = MOVIMENTO Il termine Biodinamica fa &hellip; <\/p>\n","protected":false},"author":1,"featured_media":328,"parent":0,"menu_order":0,"comment_status":"closed","ping_status":"closed","template":"","meta":{"om_disable_all_campaigns":false,"_monsterinsights_skip_tracking":false,"_monsterinsights_sitenote_active":false,"_monsterinsights_sitenote_note":"","_monsterinsights_sitenote_category":0,"footnotes":""},"class_list":["post-338","page","type-page","status-publish","has-post-thumbnail","hentry"],"aioseo_notices":[],"_links":{"self":[{"href":"https:\/\/esteticadolce.it\/index.php?rest_route=\/wp\/v2\/pages\/338","targetHints":{"allow":["GET"]}}],"collection":[{"href":"https:\/\/esteticadolce.it\/index.php?rest_route=\/wp\/v2\/pages"}],"about":[{"href":"https:\/\/esteticadolce.it\/index.php?rest_route=\/wp\/v2\/types\/page"}],"author":[{"embeddable":true,"href":"https:\/\/esteticadolce.it\/index.php?rest_route=\/wp\/v2\/users\/1"}],"replies":[{"embeddable":true,"href":"https:\/\/esteticadolce.it\/index.php?rest_route=%2Fwp%2Fv2%2Fcomments&post=338"}],"version-history":[{"count":17,"href":"https:\/\/esteticadolce.it\/index.php?rest_route=\/wp\/v2\/pages\/338\/revisions"}],"predecessor-version":[{"id":1283,"href":"https:\/\/esteticadolce.it\/index.php?rest_route=\/wp\/v2\/pages\/338\/revisions\/1283"}],"wp:featuredmedia":[{"embeddable":true,"href":"https:\/\/esteticadolce.it\/index.php?rest_route=\/wp\/v2\/media\/328"}],"wp:attachment":[{"href":"https:\/\/esteticadolce.it\/index.php?rest_route=%2Fwp%2Fv2%2Fmedia&parent=338"}],"curies":[{"name":"wp","href":"https:\/\/api.w.org\/{rel}","templated":true}]}}

<h4 class="wp-block-heading">Estetica Dolce incontra la Biodinamica </h4>



<figure class="wp-block-pullquote"><blockquote><p>Lasciamoci sorprendere dai fiori che nascono dentro di noi</p></blockquote></figure>



<figure class="wp-block-gallery has-nested-images columns-default is-cropped wp-block-gallery-1 is-layout-flex wp-block-gallery-is-layout-flex">
<figure class="wp-block-image size-large"><img loading="lazy" decoding="async" width="749" height="499" data-id="1278" src="https://esteticadolce.it/wp-content/uploads/2025/10/fiore-di-loto.jpg" alt="" class="wp-image-1278" srcset="https://esteticadolce.it/wp-content/uploads/2025/10/fiore-di-loto.jpg 749w, https://esteticadolce.it/wp-content/uploads/2025/10/fiore-di-loto-300x200.jpg 300w, https://esteticadolce.it/wp-content/uploads/2025/10/fiore-di-loto-370x247.jpg 370w" sizes="auto, (max-width: 749px) 100vw, 749px" /></figure>



<figure class="wp-block-image size-large"><img loading="lazy" decoding="async" width="829" height="1024" data-id="1279" src="https://esteticadolce.it/wp-content/uploads/2025/10/girasole-829x1024.jpg" alt="" class="wp-image-1279" srcset="https://esteticadolce.it/wp-content/uploads/2025/10/girasole-829x1024.jpg 829w, https://esteticadolce.it/wp-content/uploads/2025/10/girasole-243x300.jpg 243w, https://esteticadolce.it/wp-content/uploads/2025/10/girasole-768x948.jpg 768w, https://esteticadolce.it/wp-content/uploads/2025/10/girasole-800x988.jpg 800w, https://esteticadolce.it/wp-content/uploads/2025/10/girasole.jpg 915w" sizes="auto, (max-width: 829px) 100vw, 829px" /></figure>



<figure class="wp-block-image size-large"><img loading="lazy" decoding="async" width="1024" height="683" data-id="1280" src="https://esteticadolce.it/wp-content/uploads/2025/10/alberi-1024x683.jpg" alt="" class="wp-image-1280" srcset="https://esteticadolce.it/wp-content/uploads/2025/10/alberi-1024x683.jpg 1024w, https://esteticadolce.it/wp-content/uploads/2025/10/alberi-300x200.jpg 300w, https://esteticadolce.it/wp-content/uploads/2025/10/alberi-768x512.jpg 768w, https://esteticadolce.it/wp-content/uploads/2025/10/alberi-370x247.jpg 370w, https://esteticadolce.it/wp-content/uploads/2025/10/alberi-776x517.jpg 776w, https://esteticadolce.it/wp-content/uploads/2025/10/alberi-800x533.jpg 800w, https://esteticadolce.it/wp-content/uploads/2025/10/alberi.jpg 1200w" sizes="auto, (max-width: 1024px) 100vw, 1024px" /></figure>
</figure>



<p class="has-text-align-center">BIO = VITA / DINAMICA = MOVIMENTO</p>



<blockquote class="wp-block-quote has-text-align-center is-layout-flow wp-block-quote-is-layout-flow">
<p>Il termine Biodinamica fa riferimento ai processi naturali che caratterizzano tutti gli organismi viventi e gli ecosistemi basati sull&#8217;autoregolazione ed adattamento alle condizioni esterne</p>
</blockquote>


<div class="wp-block-image">
<figure class="aligncenter size-full is-resized"><img loading="lazy" decoding="async" width="560" height="400" src="https://esteticadolce.it/wp-content/uploads/2025/10/oceano.jpg" alt="" class="wp-image-1277" style="width:356px;height:auto" srcset="https://esteticadolce.it/wp-content/uploads/2025/10/oceano.jpg 560w, https://esteticadolce.it/wp-content/uploads/2025/10/oceano-300x214.jpg 300w" sizes="auto, (max-width: 560px) 100vw, 560px" /></figure></div>


<blockquote class="wp-block-quote is-layout-flow wp-block-quote-is-layout-flow">
<p>La Biodinamica Craniosacrale ha radici nella osteopatia e poi si è evoluta per includere tutte le ultime scoperte dell&#8217;embriologia, delle neuroscienze, della psicologia prenatale e perinatale e nelle nuovissime teorie sulla risoluzioni dei traumi.</p>
</blockquote>


<div class="wp-block-image">
<figure class="aligncenter size-large is-resized"><img loading="lazy" decoding="async" width="1002" height="1024" src="http://esteticadolce.it/wp-content/uploads/2025/10/la-danza-della-vita-1002x1024.jpg" alt="" class="wp-image-1276" style="width:420px;height:auto" srcset="https://esteticadolce.it/wp-content/uploads/2025/10/la-danza-della-vita-1002x1024.jpg 1002w, https://esteticadolce.it/wp-content/uploads/2025/10/la-danza-della-vita-294x300.jpg 294w, https://esteticadolce.it/wp-content/uploads/2025/10/la-danza-della-vita-768x785.jpg 768w, https://esteticadolce.it/wp-content/uploads/2025/10/la-danza-della-vita-1503x1536.jpg 1503w, https://esteticadolce.it/wp-content/uploads/2025/10/la-danza-della-vita-1320x1349.jpg 1320w, https://esteticadolce.it/wp-content/uploads/2025/10/la-danza-della-vita-800x817.jpg 800w, https://esteticadolce.it/wp-content/uploads/2025/10/la-danza-della-vita.jpg 1566w" sizes="auto, (max-width: 1002px) 100vw, 1002px" /></figure></div>


<blockquote class="wp-block-quote is-layout-flow wp-block-quote-is-layout-flow">
<p>La Biodinamica Craniosacrale lavora sull’individuo nella sua globalità, promuovendo l’autoregolazione del sistema nervoso autonomo</p>
</blockquote>



<blockquote class="wp-block-quote is-layout-flow wp-block-quote-is-layout-flow">
<p>Oggi la Biodinamica Craniosacrale abbinata alla Mindfulness è tra le discipline bio-naturali più all&#8217;avanguardia e più in via di sviluppo</p>
</blockquote>



<p><strong>Per approfondire visita il sito <a href="http://www.essere-umano.it" target="_blank" rel="noopener" title="">www.essere-umano.it</a></strong></p>



<p class="has-text-align-center has-small-font-size"><strong>Qui sotto puoi scaricare il volantino informativo sui trattamenti di Biodinamica Craniosacrale</strong></p>


<div class="wp-block-image">
<figure class="aligncenter size-large is-resized"><a href="https:/?attachment_id=1190"><img loading="lazy" decoding="async" width="1024" height="724" src="https://esteticadolce.it/wp-content/uploads/2025/02/brochure-biodimanica-1024x724.jpg" alt="" class="wp-image-1190" style="width:381px;height:auto" srcset="https://esteticadolce.it/wp-content/uploads/2025/02/brochure-biodimanica-1024x724.jpg 1024w, https://esteticadolce.it/wp-content/uploads/2025/02/brochure-biodimanica-300x212.jpg 300w, https://esteticadolce.it/wp-content/uploads/2025/02/brochure-biodimanica-768x543.jpg 768w, https://esteticadolce.it/wp-content/uploads/2025/02/brochure-biodimanica-1536x1086.jpg 1536w, https://esteticadolce.it/wp-content/uploads/2025/02/brochure-biodimanica-85x60.jpg 85w, https://esteticadolce.it/wp-content/uploads/2025/02/brochure-biodimanica-1320x933.jpg 1320w, https://esteticadolce.it/wp-content/uploads/2025/02/brochure-biodimanica-800x566.jpg 800w, https://esteticadolce.it/wp-content/uploads/2025/02/brochure-biodimanica.jpg 1600w" sizes="auto, (max-width: 1024px) 100vw, 1024px" /></a></figure></div>

<div class="wp-block-image">
<figure class="aligncenter size-large is-resized"><a href="https:/?attachment_id=1191"><img loading="lazy" decoding="async" width="1024" height="724" src="https://esteticadolce.it/wp-content/uploads/2025/02/brochure-biodinamica-1-1024x724.jpg" alt="" class="wp-image-1191" style="width:379px;height:auto" srcset="https://esteticadolce.it/wp-content/uploads/2025/02/brochure-biodinamica-1-1024x724.jpg 1024w, https://esteticadolce.it/wp-content/uploads/2025/02/brochure-biodinamica-1-300x212.jpg 300w, https://esteticadolce.it/wp-content/uploads/2025/02/brochure-biodinamica-1-768x543.jpg 768w, https://esteticadolce.it/wp-content/uploads/2025/02/brochure-biodinamica-1-1536x1086.jpg 1536w, https://esteticadolce.it/wp-content/uploads/2025/02/brochure-biodinamica-1-85x60.jpg 85w, https://esteticadolce.it/wp-content/uploads/2025/02/brochure-biodinamica-1-1320x933.jpg 1320w, https://esteticadolce.it/wp-content/uploads/2025/02/brochure-biodinamica-1-800x566.jpg 800w, https://esteticadolce.it/wp-content/uploads/2025/02/brochure-biodinamica-1.jpg 1600w" sizes="auto, (max-width: 1024px) 100vw, 1024px" /></a></figure></div>


<p class="has-text-align-center"><em><strong>Per informazioni puoi parlare con Andrea chiamando il 345-5944521</strong></em></p>



<p></p>



<p>IBISCO ESTETICA DOLCE ha incluso la Biodinamica tra le metodologie di base da utilizzare in campo estetico sul corpo. </p>
