{"id":236,"date":"2021-10-16T09:08:35","date_gmt":"2021-10-16T09:08:35","guid":{"rendered":"https:\/?page_id=236"},"modified":"2021-10-17T15:07:12","modified_gmt":"2021-10-17T15:07:12","slug":"il-massaggio-unisce-luomo-diviso","status":"publish","type":"page","link":"https:\/\/esteticadolce.it\/?page_id=236","title":{"rendered":"IL MASSAGGIO UNISCE L\u2019UOMO DIVISO"},"content":{"rendered":"\n<div class=\"wp-block-image\"><figure class=\"aligncenter size-full\"><img loading=\"lazy\" decoding=\"async\" width=\"318\" height=\"159\" src=\"https:\/\/esteticadolce.it\/wp-content\/uploads\/2021\/10\/mani-1.jpg\" alt=\"\" class=\"wp-image-267\" srcset=\"https:\/\/esteticadolce.it\/wp-content\/uploads\/2021\/10\/mani-1.jpg 318w, https:\/\/esteticadolce.it\/wp-content\/uploads\/2021\/10\/mani-1-200x100.jpg 200w, https:\/\/esteticadolce.it\/wp-content\/uploads\/2021\/10\/mani-1-300x150.jpg 300w, https:\/\/esteticadolce.it\/wp-content\/uploads\/2021\/10\/mani-1-120x60.jpg 120w\" sizes=\"auto, (max-width: 318px) 100vw, 318px\" \/><\/figure><\/div>\n\n\n\n<h3 class=\"wp-block-heading\">IL MASSAGGIO UNISCE L\u2019UOMO DIVISO<\/h3>\n\n\n\n<h5 class=\"wp-block-heading\">LA PROFESSIONE DI ESTETISTA<\/h5>\n\n\n\n<h5 class=\"wp-block-heading\">LA PIU\u2019 BELLA DEL MONDO!<\/h5>\n\n\n\n<p><\/p>\n\n\n\n<p>Ogni giorno migliaia di Estetiste in tutto il mondo, attraverso la posa delle mani sul corpo, entrano in contatto con la meraviglia della vita.<br><br>Se l\u2019approccio \u00e8 dolce, delicato, il corpo ci consente l\u2019accesso oltre il cosciente. Entriamo cos\u00ec in una dimensione nella quale si percepisce, si \u201caccarenza\u201d l\u2019armoniosa danza della vita.<br><\/p>\n\n\n\n<p>E\u2019 questo il delicato mondo dell\u2019ESTETICA DOLCE.<br><\/p>\n\n\n\n<p>Dove il massaggio cessa di essere una tecnica e diviene una esperienza. Durante il quale, tatto, contatto e sensibilit\u00e0 possono donare momenti di incredibile equilibrio ed unione.<br><\/p>\n\n\n\n<p>Il massaggio, quello creativo, non tecnico, UNISCE L\u2019UOMO DIVISO e fa vivere l\u2019esperienza dell\u2019amore universale. Attraverso questo cammino si raggiunge la consapevolezza di cosa sia veramente la bellezza, sia interiore che corporea.<br>Un\u2019ottica in cui non ha rilevanza il tipo di massaggio, o di quale scuola. Determinante \u00e8, invece, la qualit\u00e0 del nostro mondo interiore.<br>Perch\u00e9 non esistono cento o mille tecniche di massaggio.<br>Esiste solo IL MASSAGGIO, che diviene puro atto d\u2019amore se resta esso da solo, liberato dai blocchi, dalle resistenze, dai limiti del nostro \u201cego\u201d.<br><br>GIANFRANCO BIANCHI<\/p>\n","protected":false},"excerpt":{"rendered":"<p>IL MASSAGGIO UNISCE L\u2019UOMO DIVISO LA PROFESSIONE DI ESTETISTA LA PIU\u2019 BELLA DEL MONDO! Ogni giorno migliaia di Estetiste in tutto il mondo, attraverso la &hellip; <\/p>\n","protected":false},"author":1,"featured_media":267,"parent":0,"menu_order":0,"comment_status":"closed","ping_status":"closed","template":"","meta":{"om_disable_all_campaigns":false,"_monsterinsights_skip_tracking":false,"_monsterinsights_sitenote_active":false,"_monsterinsights_sitenote_note":"","_monsterinsights_sitenote_category":0,"footnotes":""},"class_list":["post-236","page","type-page","status-publish","has-post-thumbnail","hentry"],"aioseo_notices":[],"_links":{"self":[{"href":"https:\/\/esteticadolce.it\/index.php?rest_route=\/wp\/v2\/pages\/236","targetHints":{"allow":["GET"]}}],"collection":[{"href":"https:\/\/esteticadolce.it\/index.php?rest_route=\/wp\/v2\/pages"}],"about":[{"href":"https:\/\/esteticadolce.it\/index.php?rest_route=\/wp\/v2\/types\/page"}],"author":[{"embeddable":true,"href":"https:\/\/esteticadolce.it\/index.php?rest_route=\/wp\/v2\/users\/1"}],"replies":[{"embeddable":true,"href":"https:\/\/esteticadolce.it\/index.php?rest_route=%2Fwp%2Fv2%2Fcomments&post=236"}],"version-history":[{"count":4,"href":"https:\/\/esteticadolce.it\/index.php?rest_route=\/wp\/v2\/pages\/236\/revisions"}],"predecessor-version":[{"id":271,"href":"https:\/\/esteticadolce.it\/index.php?rest_route=\/wp\/v2\/pages\/236\/revisions\/271"}],"wp:featuredmedia":[{"embeddable":true,"href":"https:\/\/esteticadolce.it\/index.php?rest_route=\/wp\/v2\/media\/267"}],"wp:attachment":[{"href":"https:\/\/esteticadolce.it\/index.php?rest_route=%2Fwp%2Fv2%2Fmedia&parent=236"}],"curies":[{"name":"wp","href":"https:\/\/api.w.org\/{rel}","templated":true}]}}