{"id":234,"date":"2021-10-16T09:07:10","date_gmt":"2021-10-16T09:07:10","guid":{"rendered":"https:\/?page_id=234"},"modified":"2025-10-15T08:28:23","modified_gmt":"2025-10-15T08:28:23","slug":"il-decalogo-della-pelle","status":"publish","type":"page","link":"https:\/\/esteticadolce.it\/?page_id=234","title":{"rendered":"Il Decalogo della Pelle"},"content":{"rendered":"\n<blockquote class=\"wp-block-quote is-layout-flow wp-block-quote-is-layout-flow\">\n<h6 class=\"wp-block-heading has-text-align-center has-black-color has-text-color\" style=\"font-size:18px\"><strong>1) La pelle \u00e8 prima di tutto un organo di comunicazione<br><\/strong><\/h6>\n\n\n\n<p class=\"has-text-align-center\" style=\"font-size:18px\"><strong>2) La pelle ha una sua personalit\u00e0 e una sua volont\u00e0<br><\/strong><\/p>\n\n\n\n<p class=\"has-text-align-center\" style=\"font-size:18px\"><strong>3) La pelle parla un suo linguaggio che va interpretato<br><\/strong><\/p>\n\n\n\n<p class=\"has-text-align-center\" style=\"font-size:18px\"><strong>4) La pelle fa parte di un tutto da cui non pu\u00f2 essere scissa<br><\/strong><\/p>\n\n\n\n<p class=\"has-text-align-center\" style=\"font-size:18px\"><strong>5) La pelle \u00e8 un tramite di energie sottili<br><\/strong><\/p>\n\n\n\n<p class=\"has-text-align-center\" style=\"font-size:18px\"><strong>6) La pelle \u00e8 integrata nell&#8217;ambiente naturale e sociale<br><\/strong><\/p>\n\n\n\n<p class=\"has-text-align-center\" style=\"font-size:18px\"><strong>7) La pelle ha una sua &#8220;digestione&#8221;<br><\/strong><\/p>\n\n\n\n<p class=\"has-text-align-center\" style=\"font-size:18px\"><strong>8) La pelle non va ipernutrita<br><\/strong><\/p>\n\n\n\n<p class=\"has-text-align-center\" style=\"font-size:18px\"><strong>9) La pelle non va aggredita<br><\/strong><\/p>\n\n\n\n<p class=\"has-text-align-center\" style=\"font-size:18px\"><strong>10) La pelle esige dolcezza<\/strong><\/p>\n<\/blockquote>\n\n\n<div class=\"wp-block-image\">\n<figure class=\"aligncenter size-full is-resized\"><img loading=\"lazy\" decoding=\"async\" width=\"977\" height=\"697\" src=\"https:\/\/esteticadolce.it\/wp-content\/uploads\/2021\/10\/1-1.jpeg\" alt=\"\" class=\"wp-image-16\" style=\"width:369px;height:263px\" srcset=\"https:\/\/esteticadolce.it\/wp-content\/uploads\/2021\/10\/1-1.jpeg 977w, https:\/\/esteticadolce.it\/wp-content\/uploads\/2021\/10\/1-1-800x571.jpeg 800w, https:\/\/esteticadolce.it\/wp-content\/uploads\/2021\/10\/1-1-300x214.jpeg 300w, https:\/\/esteticadolce.it\/wp-content\/uploads\/2021\/10\/1-1-768x548.jpeg 768w\" sizes=\"auto, (max-width: 977px) 100vw, 977px\" \/><\/figure><\/div>","protected":false},"excerpt":{"rendered":"<p>1) La pelle \u00e8 prima di tutto un organo di comunicazione 2) La pelle ha una sua personalit\u00e0 e una sua volont\u00e0 3) La pelle &hellip; <\/p>\n","protected":false},"author":1,"featured_media":16,"parent":0,"menu_order":0,"comment_status":"closed","ping_status":"closed","template":"","meta":{"om_disable_all_campaigns":false,"_monsterinsights_skip_tracking":false,"_monsterinsights_sitenote_active":false,"_monsterinsights_sitenote_note":"","_monsterinsights_sitenote_category":0,"footnotes":""},"class_list":["post-234","page","type-page","status-publish","has-post-thumbnail","hentry"],"aioseo_notices":[],"_links":{"self":[{"href":"https:\/\/esteticadolce.it\/index.php?rest_route=\/wp\/v2\/pages\/234","targetHints":{"allow":["GET"]}}],"collection":[{"href":"https:\/\/esteticadolce.it\/index.php?rest_route=\/wp\/v2\/pages"}],"about":[{"href":"https:\/\/esteticadolce.it\/index.php?rest_route=\/wp\/v2\/types\/page"}],"author":[{"embeddable":true,"href":"https:\/\/esteticadolce.it\/index.php?rest_route=\/wp\/v2\/users\/1"}],"replies":[{"embeddable":true,"href":"https:\/\/esteticadolce.it\/index.php?rest_route=%2Fwp%2Fv2%2Fcomments&post=234"}],"version-history":[{"count":10,"href":"https:\/\/esteticadolce.it\/index.php?rest_route=\/wp\/v2\/pages\/234\/revisions"}],"predecessor-version":[{"id":1274,"href":"https:\/\/esteticadolce.it\/index.php?rest_route=\/wp\/v2\/pages\/234\/revisions\/1274"}],"wp:featuredmedia":[{"embeddable":true,"href":"https:\/\/esteticadolce.it\/index.php?rest_route=\/wp\/v2\/media\/16"}],"wp:attachment":[{"href":"https:\/\/esteticadolce.it\/index.php?rest_route=%2Fwp%2Fv2%2Fmedia&parent=234"}],"curies":[{"name":"wp","href":"https:\/\/api.w.org\/{rel}","templated":true}]}}

<blockquote class="wp-block-quote is-layout-flow wp-block-quote-is-layout-flow">
<h6 class="wp-block-heading has-text-align-center has-black-color has-text-color" style="font-size:18px"><strong>1) La pelle è prima di tutto un organo di comunicazione<br></strong></h6>



<p class="has-text-align-center" style="font-size:18px"><strong>2) La pelle ha una sua personalità e una sua volontà<br></strong></p>



<p class="has-text-align-center" style="font-size:18px"><strong>3) La pelle parla un suo linguaggio che va interpretato<br></strong></p>



<p class="has-text-align-center" style="font-size:18px"><strong>4) La pelle fa parte di un tutto da cui non può essere scissa<br></strong></p>



<p class="has-text-align-center" style="font-size:18px"><strong>5) La pelle è un tramite di energie sottili<br></strong></p>



<p class="has-text-align-center" style="font-size:18px"><strong>6) La pelle è integrata nell&#8217;ambiente naturale e sociale<br></strong></p>



<p class="has-text-align-center" style="font-size:18px"><strong>7) La pelle ha una sua &#8220;digestione&#8221;<br></strong></p>



<p class="has-text-align-center" style="font-size:18px"><strong>8) La pelle non va ipernutrita<br></strong></p>



<p class="has-text-align-center" style="font-size:18px"><strong>9) La pelle non va aggredita<br></strong></p>



<p class="has-text-align-center" style="font-size:18px"><strong>10) La pelle esige dolcezza</strong></p>
</blockquote>


<div class="wp-block-image">
<figure class="aligncenter size-full is-resized"><img loading="lazy" decoding="async" width="977" height="697" src="https://esteticadolce.it/wp-content/uploads/2021/10/1-1.jpeg" alt="" class="wp-image-16" style="width:369px;height:263px" srcset="https://esteticadolce.it/wp-content/uploads/2021/10/1-1.jpeg 977w, https://esteticadolce.it/wp-content/uploads/2021/10/1-1-800x571.jpeg 800w, https://esteticadolce.it/wp-content/uploads/2021/10/1-1-300x214.jpeg 300w, https://esteticadolce.it/wp-content/uploads/2021/10/1-1-768x548.jpeg 768w" sizes="auto, (max-width: 977px) 100vw, 977px" /></figure></div>

<p>1) La pelle è prima di tutto un organo di comunicazione 2) La pelle ha una sua personalità e una sua volontà 3) La pelle &hellip; </p>
