{"id":110,"date":"2021-10-14T10:29:03","date_gmt":"2021-10-14T10:29:03","guid":{"rendered":"https:\/?page_id=110"},"modified":"2021-10-17T15:17:22","modified_gmt":"2021-10-17T15:17:22","slug":"la-nostra-storia","status":"publish","type":"page","link":"https:\/\/esteticadolce.it\/?page_id=110","title":{"rendered":"La nostra Storia"},"content":{"rendered":"\n<div class=\"wp-block-image\"><figure class=\"aligncenter size-full\"><img loading=\"lazy\" decoding=\"async\" width=\"194\" height=\"116\" src=\"https:\/\/esteticadolce.it\/wp-content\/uploads\/2021\/10\/logo-vecchio-ibisco.jpg\" alt=\"\" class=\"wp-image-276\" srcset=\"https:\/\/esteticadolce.it\/wp-content\/uploads\/2021\/10\/logo-vecchio-ibisco.jpg 194w, https:\/\/esteticadolce.it\/wp-content\/uploads\/2021\/10\/logo-vecchio-ibisco-100x60.jpg 100w\" sizes=\"auto, (max-width: 194px) 100vw, 194px\" \/><\/figure><\/div>\n\n\n\n<h3 class=\"wp-block-heading\">ANNI 1970 &#8211; 1990<\/h3>\n\n\n\n<h3 class=\"wp-block-heading\">INIZIA IL CAMMINO DELL&#8217;IBISCO ESTETICA DOLCE NEL MONDO DELLA NATURA E DEL REIKI.<\/h3>\n\n\n\n<p>La linea cosmetica professionale &#8220;Ibisco Estetica Dolce&#8221; \u00e8 ideata e fondata nel 1971. Viene distribuita dalla LEE ITALIA &#8211; PISA, di propriet\u00e0 di Gianfranco Bianchi.<br><br>Il fondatore Gianfranco Bianchi, precursore del terapista olistico, \u00e8 estetista con un forte sentimento per la natura e l&#8217;ecologia, non contento delle linee estetiche distribuite in quel periodo.<br>Questa spiccata sensibilit\u00e0 e rispetto per gli equilibri naturali della vita, unita ad una grande passione e creativit\u00e0, lo spingono a creare cosmetici &#8220;eubiotici&#8221; (in favore della vita), ed a intuire che che la &#8220;pelle&#8221;, organo sulla quale l&#8217;estetista deve operare, \u00e8 parte di un tutto inscindibile e diventa il tramite di energie sottili<br><br>Per questo motivo sono di questo periodo prodotti storici dell&#8217;azienda come L&#8217;INTEGRATORE FOSFOLIPIDICO e il RISTRUTTURANTE DELLA BARRIERA DI PERMEABILITA&#8217;, i FITOESTRATTI e la famosissima MASCHERA MODELLANTE CORPO.<\/p>\n\n\n\n<div class=\"wp-block-image\"><figure class=\"aligncenter size-full\"><img loading=\"lazy\" decoding=\"async\" width=\"234\" height=\"320\" src=\"https:\/\/esteticadolce.it\/wp-content\/uploads\/2021\/10\/il-temp-degli-alberi.png\" alt=\"\" class=\"wp-image-111\" srcset=\"https:\/\/esteticadolce.it\/wp-content\/uploads\/2021\/10\/il-temp-degli-alberi.png 234w, https:\/\/esteticadolce.it\/wp-content\/uploads\/2021\/10\/il-temp-degli-alberi-200x274.png 200w, https:\/\/esteticadolce.it\/wp-content\/uploads\/2021\/10\/il-temp-degli-alberi-219x300.png 219w, https:\/\/esteticadolce.it\/wp-content\/uploads\/2021\/10\/il-temp-degli-alberi-44x60.png 44w\" sizes=\"auto, (max-width: 234px) 100vw, 234px\" \/><figcaption> E&#8217; di questo periodo questo volantino su carta reciclata <br><\/figcaption><\/figure><\/div>\n\n\n\n<div class=\"wp-block-image\"><figure class=\"aligncenter size-full\"><img loading=\"lazy\" decoding=\"async\" width=\"320\" height=\"224\" src=\"https:\/\/esteticadolce.it\/wp-content\/uploads\/2021\/10\/Maschera-modellante.png\" alt=\"\" class=\"wp-image-112\" srcset=\"https:\/\/esteticadolce.it\/wp-content\/uploads\/2021\/10\/Maschera-modellante.png 320w, https:\/\/esteticadolce.it\/wp-content\/uploads\/2021\/10\/Maschera-modellante-200x140.png 200w, https:\/\/esteticadolce.it\/wp-content\/uploads\/2021\/10\/Maschera-modellante-300x210.png 300w, https:\/\/esteticadolce.it\/wp-content\/uploads\/2021\/10\/Maschera-modellante-86x60.png 86w\" sizes=\"auto, (max-width: 320px) 100vw, 320px\" \/><figcaption> LA FAMOSA MASCHERA MODELLANTE &#8211; Les Nouvelles Esthetiques 1978 <\/figcaption><\/figure><\/div>\n\n\n\n<p>Verso la met\u00e0 degli anni &#8217;80 Gianfranco Bianchi diventa Reiki Master&nbsp;<br><br><br>____________________________________________________________________<\/p>\n\n\n\n<h3 class=\"wp-block-heading\">FINE ANNI 90<\/h3>\n\n\n\n<h3 class=\"wp-block-heading\">VIAGGIO ALL&#8217;INTERNO DEL MONDO DEL COLORE E DELL&#8217;AURA<\/h3>\n\n\n\n<p>Gianfranco Bianchi, dopo anni di formazione ed esperienza sul campo, diventa Cromoterapeuta; arricchisce tutti i prodotti della linea di un principio attivo innovativo&#8230;IL COLORE.<br><br>Acquisisce la macchina fotografica &#8220;KIRLIAN&#8221; per dare un&#8217;immagine istantanea dell&#8217;Aura.<br><br><a href=\"http:\/\/web.tiscali.it\/Massimiliano_Teso\/aura.html\" target=\"_blank\" rel=\"noreferrer noopener\"><em>Leggi intervista su la &#8220;fotografia dell&#8217;aura&#8221; cliccando qui<\/em><\/a><\/p>\n\n\n\n<div class=\"wp-block-image\"><figure class=\"aligncenter\"><a href=\"https:\/\/1.bp.blogspot.com\/-9kmfSAUBb7g\/XP4TBo7jhJI\/AAAAAAAAEgo\/NZVxC7jRZ844uGowE5Zg9jmz6H0iLtskgCLcBGAs\/s1600\/specchio%2Bdell%2527aura.png\"><img decoding=\"async\" src=\"https:\/\/1.bp.blogspot.com\/-9kmfSAUBb7g\/XP4TBo7jhJI\/AAAAAAAAEgo\/NZVxC7jRZ844uGowE5Zg9jmz6H0iLtskgCLcBGAs\/s320\/specchio%2Bdell%2527aura.png\" alt=\"\"\/><\/a><\/figure><\/div>\n\n\n\n<p>19<strong>94\/96 Partecipazione di G.Bianchi a trasmissioni televisive su Canale 5<\/strong><\/p>\n\n\n\n<div class=\"wp-block-image\"><figure class=\"aligncenter size-full is-resized\"><img loading=\"lazy\" decoding=\"async\" src=\"https:\/\/esteticadolce.it\/wp-content\/uploads\/2021\/10\/fotografia-dellaura.png\" alt=\"\" class=\"wp-image-273\" width=\"390\" height=\"269\" srcset=\"https:\/\/esteticadolce.it\/wp-content\/uploads\/2021\/10\/fotografia-dellaura.png 320w, https:\/\/esteticadolce.it\/wp-content\/uploads\/2021\/10\/fotografia-dellaura-200x138.png 200w, https:\/\/esteticadolce.it\/wp-content\/uploads\/2021\/10\/fotografia-dellaura-300x207.png 300w, https:\/\/esteticadolce.it\/wp-content\/uploads\/2021\/10\/fotografia-dellaura-87x60.png 87w\" sizes=\"auto, (max-width: 390px) 100vw, 390px\" \/><\/figure><\/div>\n\n\n\n<p>G.Bianchi partecipa a diverse trasmissioni televisive, acquistando fama nel settore &#8220;estetico&#8221; ed &#8220;esoterico&#8221;. Pubblica il suo primo testo.<br><\/p>\n\n\n\n<div class=\"wp-block-image\"><figure class=\"aligncenter size-full\"><img loading=\"lazy\" decoding=\"async\" width=\"296\" height=\"320\" src=\"https:\/\/esteticadolce.it\/wp-content\/uploads\/2021\/10\/sotto-il-segno-dellacquario.png\" alt=\"\" class=\"wp-image-274\" srcset=\"https:\/\/esteticadolce.it\/wp-content\/uploads\/2021\/10\/sotto-il-segno-dellacquario.png 296w, https:\/\/esteticadolce.it\/wp-content\/uploads\/2021\/10\/sotto-il-segno-dellacquario-200x216.png 200w, https:\/\/esteticadolce.it\/wp-content\/uploads\/2021\/10\/sotto-il-segno-dellacquario-278x300.png 278w, https:\/\/esteticadolce.it\/wp-content\/uploads\/2021\/10\/sotto-il-segno-dellacquario-56x60.png 56w\" sizes=\"auto, (max-width: 296px) 100vw, 296px\" \/><figcaption>1996 &#8211; Pubblicazione del libro &#8220;SOTTO IL SEGNO DELL&#8217;ERA DELL&#8217;ACQUARIO&#8221;<\/figcaption><\/figure><\/div>\n\n\n\n<p><\/p>\n\n\n\n<p>&nbsp;___________________________________________________________________<\/p>\n\n\n\n<h3 class=\"wp-block-heading\">&nbsp;DAL 2000 AD OGGI&#8230;<\/h3>\n\n\n\n<h3 class=\"wp-block-heading\">CREAZIONE DEL GRUPPO ESTETISTE ESTETICA DOLCE E ISTITUZIONE DEI &#8220;CORSI DELLA NUOVA ERA<\/h3>\n\n\n\n<p>Nasce un gruppo di lavoro formato da Estetiste della Toscana e della Liguria, che per anni diffonde il lavoro del &#8220;Color Meditation Massage&#8221; attraverso la partecipazione a diverse fiere di settore e a pubblicazioni su riviste del settore.<br><\/p>\n\n\n\n<div class=\"wp-block-image\"><figure class=\"aligncenter\"><a href=\"https:\/\/1.bp.blogspot.com\/-XzRouu-Viqo\/XP4OSzDiEdI\/AAAAAAAAEf0\/3yY8cQJQAccGsAjfiWX1gYpAXkG7ZYrnQCLcBGAs\/s1600\/gruppo%2Bestetiste.png\"><img decoding=\"async\" src=\"https:\/\/1.bp.blogspot.com\/-XzRouu-Viqo\/XP4OSzDiEdI\/AAAAAAAAEf0\/3yY8cQJQAccGsAjfiWX1gYpAXkG7ZYrnQCLcBGAs\/s1600\/gruppo%2Bestetiste.png\" alt=\"\"\/><\/a><\/figure><\/div>\n\n\n\n<div class=\"wp-block-image\"><figure class=\"aligncenter\"><a href=\"https:\/\/1.bp.blogspot.com\/-0BCDQ3_rom8\/XP4OWoh1Z2I\/AAAAAAAAEf4\/HQKsEFzW7V0yX15ehasLXSOxBfW82CIIACLcBGAs\/s1600\/foto%2Bestetiste.png\"><img decoding=\"async\" src=\"https:\/\/1.bp.blogspot.com\/-0BCDQ3_rom8\/XP4OWoh1Z2I\/AAAAAAAAEf4\/HQKsEFzW7V0yX15ehasLXSOxBfW82CIIACLcBGAs\/s1600\/foto%2Bestetiste.png\" alt=\"\"\/><\/a><\/figure><\/div>\n\n\n\n<div class=\"wp-block-image\"><figure class=\"aligncenter\"><a href=\"https:\/\/1.bp.blogspot.com\/-YiyAc-WYzb8\/XP4ObEt3DjI\/AAAAAAAAEf8\/MUYswN948Zsx0_6vgXxerU8V7R7TsAFxACLcBGAs\/s1600\/redazionale%2B2.png\"><img decoding=\"async\" src=\"https:\/\/1.bp.blogspot.com\/-YiyAc-WYzb8\/XP4ObEt3DjI\/AAAAAAAAEf8\/MUYswN948Zsx0_6vgXxerU8V7R7TsAFxACLcBGAs\/s320\/redazionale%2B2.png\" alt=\"\"\/><\/a><\/figure><\/div>\n\n\n\n<div class=\"wp-block-image\"><figure class=\"aligncenter\"><a href=\"https:\/\/1.bp.blogspot.com\/-yueCeJ31Tz8\/XP4ObZnr_MI\/AAAAAAAAEgA\/dGFrpiN3Tk4eJXYoGEe8idJdL-GV8SGWQCLcBGAs\/s1600\/redazionale%2Btirreno.jpg\"><img decoding=\"async\" src=\"https:\/\/1.bp.blogspot.com\/-yueCeJ31Tz8\/XP4ObZnr_MI\/AAAAAAAAEgA\/dGFrpiN3Tk4eJXYoGEe8idJdL-GV8SGWQCLcBGAs\/s640\/redazionale%2Btirreno.jpg\" alt=\"\"\/><\/a><\/figure><\/div>\n\n\n\n<p><strong><em>&nbsp;Il Gruppo Estetiste Estetica dolce dice del lavoro svolto con noi:<\/em><\/strong><br><br>\u201cMi \u00e8 servito tanto, mi ha aperto la mente. Ho acquistato sicurezza osservando cose di me che non volevo vedere. Una esperienza profonda\u201d <em>ADONELLA di \u201cEstetica Adonella\u201d Romagnano (MS)<\/em><br>\u201c Mi piace molto come funziona, come viene rappresentata. Sono contenta perch\u00e9 \u00e8 proprio il lavoro che volevo fare con i miei clienti\u201d <em>SARA de \u201cIl bello delle donne\u201d Sarzana(SP)<\/em><br>\u201cE\u2019 una cosa meravigliosa! Il gruppo \u00e8 di vitale importanza per me e per il mio lavoro. Quando penso al gruppo mi commuovo e penso che \u00e8 una delle cose pi\u00f9 importanti che mi sono capitate nella vita\u201d <em>LOLLY di \u201cImmagine Donna\u201d Ceparana(SP)<\/em><br>\u201c Penso che sia un mondo da esplorare, una strada per chiarire i propri dubbi, esplorare se stessi in profondit\u00e0 per liberarsi dalle cose che non ci servono\u201d <em>LAURA di \u201cCentro estetico Laura\u201d Carrara (MS)<\/em><br>\u201c Ho appreso moltissime cose. E\u2019un lavoro che mi ha portato molto avanti e che se inserito in modo serio pu\u00f2 dare dei grandissimi risultati. Ho ottenuto dei riscontri molto particolari\u201d <em>IVANA di \u201cCentro estetico la Civetta\u201d Cinquale(MS)<\/em><br>\u201c Un\u2019esperienza di cambiamento positivo a livello personale. E siamo solo all\u2019inizio!\u201d <em>RITA di \u201cCalzolari Rita\u201d Pitelli (SP)<\/em><br>\u201c Il lavoro con L\u2019estetica Dolce mi ha dato un senso di libert\u00e0. Mi fa lavorare in modo tranquillo, con fiducia\u201d <em>MARZIA di \u201c Estetica Marzia\u201d Castelnuovo Magra (SP)<\/em><\/p>\n\n\n\n<div class=\"wp-block-image\"><figure class=\"aligncenter\"><a href=\"https:\/\/1.bp.blogspot.com\/-MTnP1RxRfOc\/XP4T4bgaAyI\/AAAAAAAAEg0\/ffcAkjGE4OcpIqKQUScbP-tpmJnLz6xiQCLcBGAs\/s1600\/corsi%2Bdella%2Bnuova%2Bera.png\"><img decoding=\"async\" src=\"https:\/\/1.bp.blogspot.com\/-MTnP1RxRfOc\/XP4T4bgaAyI\/AAAAAAAAEg0\/ffcAkjGE4OcpIqKQUScbP-tpmJnLz6xiQCLcBGAs\/s400\/corsi%2Bdella%2Bnuova%2Bera.png\" alt=\"\"\/><\/a><\/figure><\/div>\n\n\n\n<p>________________________________________________________________________<\/p>\n\n\n\n<h3 class=\"wp-block-heading\">NOSTRI GIORNI<\/h3>\n\n\n\n<p>Nel Dicembre del 2008 Gianfranco Bianchi muore a Pisa. La linea Ibisco viene portata avanti da Andrea Bergitto, amico e assistente di Gianfranco Bianchi.&nbsp; I marchi IBISCO ESTETICA DOLCE e COLOR MEDITATION MASSAGE&nbsp; vengono acquisiti dalla MARILU&#8217; GROUP SRL di Sarzana (SP)<br>Redazionali su riviste di settore sono di questo periodo. Eccone alcuni:<\/p>\n\n\n\n<div class=\"wp-block-image\"><figure class=\"aligncenter\"><a href=\"https:\/\/1.bp.blogspot.com\/-2Y0U1EngPHY\/XP4Yo1krntI\/AAAAAAAAEhI\/3VVQPK0twZw6Q7g-QxJwnBLUXm5Z5w7TQCLcBGAs\/s1600\/redazionale%2Bestetispa.png\"><img decoding=\"async\" src=\"https:\/\/1.bp.blogspot.com\/-2Y0U1EngPHY\/XP4Yo1krntI\/AAAAAAAAEhI\/3VVQPK0twZw6Q7g-QxJwnBLUXm5Z5w7TQCLcBGAs\/s320\/redazionale%2Bestetispa.png\" alt=\"\"\/><\/a><\/figure><\/div>\n\n\n\n<div class=\"wp-block-image\"><figure class=\"aligncenter\"><a href=\"https:\/\/1.bp.blogspot.com\/-BKYojoMk5wQ\/XP4YrwnxuOI\/AAAAAAAAEhM\/H82oXdznowoKECxpLP1x_C1JIlvaN5RNACLcBGAs\/s1600\/redazionale%2Bcolore.png\"><img decoding=\"async\" src=\"https:\/\/1.bp.blogspot.com\/-BKYojoMk5wQ\/XP4YrwnxuOI\/AAAAAAAAEhM\/H82oXdznowoKECxpLP1x_C1JIlvaN5RNACLcBGAs\/s320\/redazionale%2Bcolore.png\" alt=\"\"\/><\/a><\/figure><\/div>\n\n\n\n<div class=\"wp-block-image\"><figure class=\"aligncenter\"><a href=\"https:\/\/1.bp.blogspot.com\/-a7UCmtzDWfo\/XP4YuHG6agI\/AAAAAAAAEhQ\/LoT9JSAS5js46ISpr6CCFFVX7GB4i22NgCLcBGAs\/s1600\/rosa.png\"><img decoding=\"async\" src=\"https:\/\/1.bp.blogspot.com\/-a7UCmtzDWfo\/XP4YuHG6agI\/AAAAAAAAEhQ\/LoT9JSAS5js46ISpr6CCFFVX7GB4i22NgCLcBGAs\/s320\/rosa.png\" alt=\"\"\/><\/a><\/figure><\/div>\n","protected":false},"excerpt":{"rendered":"<p>ANNI 1970 &#8211; 1990 INIZIA IL CAMMINO DELL&#8217;IBISCO ESTETICA DOLCE NEL MONDO DELLA NATURA E DEL REIKI. La linea cosmetica professionale &#8220;Ibisco Estetica Dolce&#8221; \u00e8 &hellip; <\/p>\n","protected":false},"author":1,"featured_media":231,"parent":0,"menu_order":0,"comment_status":"closed","ping_status":"closed","template":"","meta":{"om_disable_all_campaigns":false,"_monsterinsights_skip_tracking":false,"_monsterinsights_sitenote_active":false,"_monsterinsights_sitenote_note":"","_monsterinsights_sitenote_category":0,"footnotes":""},"class_list":["post-110","page","type-page","status-publish","has-post-thumbnail","hentry"],"aioseo_notices":[],"_links":{"self":[{"href":"https:\/\/esteticadolce.it\/index.php?rest_route=\/wp\/v2\/pages\/110","targetHints":{"allow":["GET"]}}],"collection":[{"href":"https:\/\/esteticadolce.it\/index.php?rest_route=\/wp\/v2\/pages"}],"about":[{"href":"https:\/\/esteticadolce.it\/index.php?rest_route=\/wp\/v2\/types\/page"}],"author":[{"embeddable":true,"href":"https:\/\/esteticadolce.it\/index.php?rest_route=\/wp\/v2\/users\/1"}],"replies":[{"embeddable":true,"href":"https:\/\/esteticadolce.it\/index.php?rest_route=%2Fwp%2Fv2%2Fcomments&post=110"}],"version-history":[{"count":3,"href":"https:\/\/esteticadolce.it\/index.php?rest_route=\/wp\/v2\/pages\/110\/revisions"}],"predecessor-version":[{"id":278,"href":"https:\/\/esteticadolce.it\/index.php?rest_route=\/wp\/v2\/pages\/110\/revisions\/278"}],"wp:featuredmedia":[{"embeddable":true,"href":"https:\/\/esteticadolce.it\/index.php?rest_route=\/wp\/v2\/media\/231"}],"wp:attachment":[{"href":"https:\/\/esteticadolce.it\/index.php?rest_route=%2Fwp%2Fv2%2Fmedia&parent=110"}],"curies":[{"name":"wp","href":"https:\/\/api.w.org\/{rel}","templated":true}]}}